s divided by n?
16
Let m = -51 - -201. Let t = 35 - -3. What is the remainder when m is divided by t?
36
Let g = -1483 + 1496. Suppose 4*m = 83 + 5. Calculate the remainder when m is divided by g.
9
Let q = 141 + -134. What is the remainder when 31 is divided by -3 + 3 + 0 - q/(-1)?
3
Let s = -442 - -508. Calculate the remainder when 791 is divided by s.
65
Let m be (2/(-4))/((-8)/(-128)). Let h be ((-2)/(-8))/(2/m). Calculate the remainder when 53 is divided by (-2)/((-2)/(-27)*h).
26
Suppose 86*m = 76*m + 780. What is the remainder when 367 is divided by m?
55
Suppose 104 = 3*q + 5*b, 0 = 2*b - 2 - 0. Let y = q + -18. What is the remainder when 57 is divided by y?
12
Suppose -3*n = -29 + 8. What is the remainder when 8 is divided by n?
1
Let o(d) = -d**3 + 8*d**2 + d + 9. Let q be o(8). Let n = -5 + q. Calculate the remainder when 58 is divided by n.
10
Let o(j) = 7*j**2 + 11*j + 1. Calculate the remainder when 123/5*(1 + 4) is divided by o(-3).
30
Let b = 150 - 105. Let v(i) = 5*i - 15. Let x be v(5). What is the remainder when b is divided by (-177)/(-15) + 2/x?
9
Calculate the remainder when 79 is divided by 29 - 17 - (0 + -8).
19
Suppose -j = -0*j. Suppose j = -f - 3*v + 60, -4*v - 106 - 4 = -2*f. Calculate the remainder when f is divided by 29.
28
Suppose 0 = -r - 244 + 300. Calculate the remainder when 944 is divided by r.
48
Let y(m) = m**2 - 7. Let d be 18/(-12)*4/2. Suppose 0 = -4*l + 11 + 1. Calculate the remainder when l is divided by y(d).
1
Suppose -j + 22 = -3*j. Let a = j + 2. What is the remainder when 10 is divided by (2/(-3))/(a/81)?
4
Suppose -5*r - w = -74, -w + 59 = 3*r + r. Let a(l) = 8*l**2 - 2*l - 1. What is the remainder when r is divided by a(-1)?
6
Suppose -o + 2 = 0, -5*o + 14 = -5*p - 26. Let c = 7 + p. What is the remainder when 29 is divided by ((-8)/12)/(c/(-15))?
9
Let q = 169 - 147. What is the remainder when 77 is divided by q?
11
Suppose -4*g + 108 = -g. Calculate the remainder when 96 is divided by g.
24
Suppose 213 = 7*v - 60. Calculate the remainder when 115 is divided by v.
37
Suppose 100*r + 1736 = 108*r. What is the remainder when r is divided by 60?
37
Suppose -4*r + 309 = 5*o, -5*r - 9*o + 385 = -4*o. What is the remainder when 303 is divided by r?
75
Suppose 0 = -h - 4*k + 4, h - 3*k - 4 = -0*k. Suppose -2*n = -h*d - 184, -d + 394 = 4*n + 4*d. What is the remainder when n is divided by 27?
15
Suppose 4*c + 34 = 5*z, -5*c - 15 = -5*z + 15. What is the remainder when 37 is divided by z?
7
Suppose 6*i - 8*i = 5*t - 40, -2*t - 3*i + 16 = 0. Calculate the remainder when 23 is divided by t.
7
Let t(p) = -2*p + p**2 - 6 - 9 + 16. Let u be t(-4). Suppose n = u + 14. Calculate the remainder when n is divided by 14.
11
Let c = -20 + 8. Let z = 24 + c. Let k(j) = -j**3 + 13*j**2 - 9*j + 28. Calculate the remainder when k(z) is divided by 22.
20
Suppose 0 = 4*b + 3*c - 3253 + 3227, 4*b - 10 = 5*c. Let t(z) = -z**2 + 5*z + 2. What is the remainder when t(3) is divided by b?
3
Suppose -137 = -2*o - p, 5*o = -p + 70 + 268. Calculate the remainder when 262 is divided by o.
61
Let s = 1605 - 1207. What is the remainder when s is divided by 134?
130
Let k = -28 - -30. Suppose -2*f - k*f + 8 = 0. Calculate the remainder when 4 is divided by f.
0
Let r be ((-24)/(-20))/(1/5). Suppose 0*d + r*d = 24. What is the remainder when (2*5*1)/1 is divided by d?
2
Let r be 2/3 + 8/6. Suppose d = r*d. What is the remainder when 45 is divided by d + 1 + 10 + 1?
9
Let u = -225 + 382. Calculate the remainder when u is divided by 40.
37
Let j be 6 - (0 + (-6)/(-3)). Calculate the remainder when 63 is divided by 16/(j - 15/5).
15
Let s = 34 + -34. Suppose s = -3*d - 5*a + 9 + 12, a = -4*d + 45. What is the remainder when 45 is divided by d?
9
Suppose -14*s + 28 = -10*s. Let v(b) = -b**3 - 7*b**2 - 6*b + 18. What is the remainder when v(-6) is divided by s?
4
Let j = 3 + 1. Suppose 2*m = -j*v + 24, m = -2*v + 3*v. What is the remainder when 5 is divided by v?
1
Suppose 218 = 4*n - 0*d + 2*d, 2*d = 2*n - 112. Let g = -43 + n. Suppose -3*w - 2*w + 235 = 0. What is the remainder when w is divided by g?
11
Suppose -2*g + 277 = 4*m - g, 3*m + 5*g - 195 = 0. Suppose 3*p + m = t + 8*p, -p = 2*t - 113. What is the remainder when t is divided by 14?
13
What is the remainder when 231 is divided by ((-78)/(-65))/(5/(1300/8))?
36
Let q = 105 + -66. Let w(d) = 99*d + 2749. Calculate the remainder when w(-27) is divided by q.
37
Let a = 184 + -232. What is the remainder when (a/20)/(12/(-30)) is divided by (-4)/6*(-18)/4?
0
Let i be -2 + 0 + (3 - -1). Suppose 2*r = -i*r + 68. Let u = 47 - r. Calculate the remainder when u is divided by 16.
14
Let f = 9 + -4. Let v = -1500 + 1509. What is the remainder when v is divided by f?
4
Suppose 5*m - 211 = -0*j - j, -5 = -5*j. Let i(s) = s**2 + 13*s + 11. Suppose l + 13 = -0*l. Calculate the remainder when m is divided by i(l).
9
Suppose -3*x + 5*s = -46, 0 = -2*x + 6*x + 3*s - 42. Suppose -w - 123 = -4*w. Calculate the remainder when w is divided by x.
5
Suppose -3*u = 2*w - 146, 0 = w - 3*u + 4*u - 72. Calculate the remainder when w is divided by 18.
16
Let p(k) = -55*k - 10. Calculate the remainder when 89 is divided by p(-1).
44
Suppose 1346*o + 279 = 1355*o. Calculate the remainder when 232 is divided by o.
15
Let b = 1051 - 1040. Calculate the remainder when b is divided by 8.
3
Let f(y) = -y + 14. Let i be f(7). What is the remainder when 80 is divided by i/((-42)/(-36) - 1)?
38
Suppose 34*s = 569 + 281. What is the remainder when s is divided by 13?
12
Suppose 21*x - 160 = 155. What is the remainder when 137 is divided by x?
2
What is the remainder when 66 is divided by -8 - (-275)/33 - 50/(-3)?
15
Suppose 9 = 5*f - 76. Suppose -2*j - a + 4*a = -139, -331 = -5*j + 2*a. What is the remainder when j is divided by f?
14
Let a = 53 - 29. Let z = a - 17. What is the remainder when 18 is divided by 10*(-4 + z)/6?
3
Let y be 82/6 - 2/(-6). Suppose 0 = -2*a - 2*a - 20, 2*p - y = -2*a. What is the remainder when 71 is divided by p?
11
Suppose 2*n - 5*d - 65 = 0, 20*n - 15*n + 2*d = 177. Calculate the remainder when 72 is divided by n.
2
Let x = -466 - -470. Suppose -2 = k - 6. Calculate the remainder when k is divided by x.
0
Suppose 2*p - 4 = p. Let y be 2/(108/(-55) + 2). Suppose -k + 3 = o, -5*o + k = -p*k - y. What is the remainder when 12 is divided by o?
5
Let y = -569 + 640. Calculate the remainder when 211 is divided by y.
69
Suppose -3*t = -3*g + 12, 5*g - 5*t = 7*g - 43. What is the remainder when g is divided by 7?
2
Suppose -5*q - 2*y = -175, 140 + 0 = 4*q - 3*y. Calculate the remainder when q is divided by 31.
4
Suppose -137 = -11*k + 105. Calculate the remainder when 68 is divided by k.
2
Let w(s) = -2*s**3 + 16*s**2 + 8 + 16*s - 5*s**2 + s**3 + 5. Let u be w(12). Let z = 180 - u. What is the remainder when z is divided by 30?
29
Let t = -306 + 1136. Calculate the remainder when t is divided by 64.
62
Let v = -392 - -397. Calculate the remainder when 6 is divided by v.
1
Let x = 212 - 144. Calculate the remainder when x is divided by 37.
31
Let a(b) = -2*b - 2 - 1 - 2*b. Let m(p) = p**3 + 4*p**2 - 12*p - 2. Let c be m(-6). Calculate the remainder when a(c) is divided by 3.
2
Let z be 20/(-6)*3/2. Let p(b) = 4*b**2 + 19*b + 11. Calculate the remainder when 46 is divided by p(z).
14
Let z = 96 + -159. Let i = -49 - z. Calculate the remainder when 54 is divided by i.
12
Let v(m) = 21 + 4*m - 68 + 35. What is the remainder when 78 is divided by v(13)?
38
Suppose 14*u = -16*u + 1860. Let q = 2 + 11. Calculate the remainder when u is divided by q.
10
Let v = 53 + -16. Suppose -3*q = 3*b - 51, 2*b = -10 + 6. What is the remainder when v is divided by q?
18
Let g = -36 - 5. Let l = -15 - g. Calculate the remainder when l is divided by ((-4)/(-48)*4)/((-2)/(-54)).
8
Suppose -1 = -5*g + j + 23, -5*g = -5*j - 40. Suppose 5*w + 92 = g*r, -2*w + 46 = -3*r + 5*r. What is the remainder when r is divided by 8?
7
Let r = -4 - 2. Let d = r + 14. Let o = -568 - -571. Calculate the remainder when d is divided by o.
2
Let y(x) = 54*x - 134. Calculate the remainder when y(8) is divided by 10.
8
Let s = 858 - 674. Calculate the remainder when s is divided by 58.
10
Let w(p) = -3*p - 6. Let q(h) = -h**2 - 9*h + 5